3 - 4*u**3. Let c be (-3)/(12/10 + -1). Let f be 3/2*(-10)/c. Give z(f).
-6
Suppose -5*t = x - 5 - 2, 10 = 5*t. Let z be -3*(4 + x)*-1. Let l(j) = 2*j**2 - 3*j. Give l(z).
9
Let n(g) = -g**3 + 5*g**2 - 3*g + 4. Suppose -3*q - 2*q + 5*y - 10 = 0, 4*q + y = 17. Suppose -q*b + 12 = -0*b. Give n(b).
8
Let v(k) = -k + k + 6*k - 2 - 4*k. Let w be -4*(0 - (-6)/(-4)). What is v(w)?
10
Let i(n) be the first derivative of 2*n**3 + 0*n - 1/2*n**2 + 1. Calculate i(-1).
7
Let n(v) = v + 2. Let g be n(2). Let c(r) = -5*r - 4 + 7 + 4*r + 4*r - r**2. Calculate c(g).
-1
Suppose -4*q = -5*i + 31, -i = q + 4*q + 17. Let v(k) = 2*k**2 - 5*k + 3. What is v(i)?
6
Let f(j) = -j**2 - 5*j. Suppose 4*x - 6 - 154 = 0. Let i = x - 28. Suppose -8 - i = 5*u. What is f(u)?
4
Let b(k) be the first derivative of 2*k**3/3 - 2*k - 6. What is b(2)?
6
Let z(c) = -9 - 13 - 9*c**2 + 22 + c. Determine z(-1).
-10
Let l(f) = -f**2 + 5*f - 1. Let r(x) = x**3 - 5*x**2 + 4*x + 3. Let p be r(4). Suppose 5*g = 4*y + 2*g - 20, 2 = p*y + g. What is l(y)?
5
Let d(a) be the third derivative of a**4/24 + 2*a**3/3 - 2*a**2. Determine d(4).
8
Let q(m) = m**2 - 5*m + 2. Suppose 0 = -a - 1 - 2, 5*a + 27 = 2*d. Let b be 40/(-6)*d/(-4). Suppose -3*l + b = -l. Calculate q(l).
2
Let x(m) be the third derivative of -m**5/60 + m**4/8 + m**3/3 + m**2. Let j = -2 - -8. Suppose -5*n = -5*k - 10, k + k = 3*n - j. Give x(n).
4
Let a(g) = 2*g**2 + 2*g - 4. Suppose 0 = 3*u + k + 15 - 44, 2*u - k - 16 = 0. Let q be 4/6*u/(-2). Calculate a(q).
8
Let t(o) = o**3 - o**2 - o + 3. Let a = -1 - -1. Suppose -2*s = -a*s. Let q = s - 0. What is t(q)?
3
Let m(j) = -j**2 - 4*j. Let c be m(-4). Let g(o) = o**2 + 16. Determine g(c).
16
Let d(w) be the first derivative of -1 - 3*w + 1/2*w**2. Let z be d(0). Let l(o) = -o**2 - 5*o - 1. Calculate l(z).
5
Let c(w) = 3*w**2 - 2*w + 1. Let o be (1*-1)/(-4 + 3). Let m be c(o). Suppose -a - n - m*n + 2 = 0, a - 1 = -4*n. Let x(z) = 2*z - 4. Calculate x(a).
6
Suppose -t + 3 = -5. Suppose l + t = -y, -3*l = -2*l + 4*y + 20. Let b(u) be the first derivative of u**2/2 + 4*u - 2. Determine b(l).
0
Let u be 2 - (2 + 3 + -2). Let z(s) = 7*s. Give z(u).
-7
Let y(a) = -4*a**3 - 7*a**2 + 12*a + 21. Let v(c) = c**3 + 2*c**2 - 3*c - 5. Let d(i) = 9*v(i) + 2*y(i). Determine d(-5).
-13
Let s(r) = -2*r - 2. Suppose -4*y = -n - n, -2*y + 3*n - 4 = 0. Suppose 4 = m + k, -5*m + 12 = -2*k - y. Let x = 5 - m. Give s(x).
-6
Let r(y) = 1 + 0*y**2 + y**2 - 2*y + 0*y**2. Let n(w) = w**2 - 3*w + 1. Let p be n(0). Calculate r(p).
0
Let u(d) = -6*d**3 - 14*d**2 - 36*d - 29. Let p(b) = -b**3 - 3*b**2 - 7*b - 6. Let w(g) = 11*p(g) - 2*u(g). Give w(6).
-2
Let b(k) = k**3 + 10*k**2 - 3*k - 5. Let u(m) = m**3 - 3*m**2 - m - 7. Let l be u(3). Give b(l).
25
Let l(w) be the third derivative of w**6/120 + w**5/60 + w**4/24 + 2*w**2. Let h be (-6)/4*(-10)/(-15). Calculate l(h).
-1
Let c(z) = z - 3. Let k(r) = r - 2. Let j be k(8). Suppose v - 1 = -2*v - 4*b, -4*v + j = 3*b. What is c(v)?
0
Let m(y) = 11*y - 38. Let o be m(4). Let a(l) = -2*l**2 - 3*l + 1. Let c(h) = -3*h**2 - 2*h. Let q(z) = 4*a(z) - 3*c(z). Give q(o).
4
Suppose b + 3*b - 2*l - 20 = 0, -4*b + 5*l + 32 = 0. Let z(n) = n**3 - n + 1. Let w(p) = 2*p**3 + p**2 - 2*p + 3. Let x(g) = b*w(g) - 7*z(g). What is x(4)?
-10
Let y(n) = -15*n**3 + 5*n**2 - 4*n. Let i(b) = b**2 - b**3 - 357 + 357 - b. Let g(x) = -5*i(x) + y(x). Give g(-1).
9
Let t(m) = -4*m - 2. Suppose 3*x = 5*q - 81, q + 2*x + 2 = 13. Suppose -5*o + 5 = q. Determine t(o).
6
Let j(a) = -a**2 - a. Let o(r) = -r**2 + 4*r + 1. Let f(g) = -4*j(g) - o(g). Give f(-1).
4
Let n be 2/4 - (-4)/8. Let d be -1*(-1 + -1) + n. Let q(t) = -6*t + 3. Let g(k) = k - 1. Let m(r) = 3*g(r) + q(r). Determine m(d).
-9
Let x(g) = 6*g + 0*g - 8*g - 1 + 4*g. Calculate x(-4).
-9
Suppose 58 = 7*k + 9. Let r(w) = -w - 3 + k + w**3 - 6. Let m be (-14)/(-8) + (-2)/(-8). Determine r(m).
4
Let n(b) = 4*b**2 - 4*b - 8. Let y(s) = 3*s**2 - 4*s - 7. Let v(r) = 2*n(r) - 3*y(r). Suppose -5*d = -10*d - 2*q + 17, 4*q + 11 = -d. What is v(d)?
0
Suppose -c = q - 1, 3*q + c - 1 = -4. Let g(r) = -r**3 - r - 1. Let d(l) = 2*l**3 + 3*l + 3. Let x(a) = 2*d(a) + 5*g(a). Determine x(q).
7
Suppose 3 = 4*g - g + 3*b, 3*g - 17 = 4*b. Let q(j) = j**3 - 9*j**2 - 2*j + 13. Let u be q(9). Let z = g + u. Let w(c) = 2*c**3 + c**2 - 4*c - 3. What is w(z)?
-7
Let f(o) be the third derivative of -2*o**2 + 0*o + 0 + 1/24*o**4 + 1/120*o**6 + 1/30*o**5 + 1/6*o**3. Calculate f(-1).
1
Suppose 5*z - 2*r - 61 = r, -3*r + 51 = 3*z. Suppose 6*h + 3*o = 2*h - 26, -3*o = -4*h - z. Let k(g) = -g - 2. Give k(h).
3
Let x(c) be the second derivative of c**3/6 - 9*c**2/2 - 15*c. Calculate x(0).
-9
Suppose -v - 3*v = -12. Let l(s) = 4*s + v + 1 - s**2 + 0*s**2. Give l(5).
-1
Let q(y) = y**3 - 2*y**2 - y - 2. Suppose 2*p - 2 = -4*l, 3*p + 2 = -l - 0*l. Let o(k) = 3*k. Let a be o(l). Give q(a).
4
Let l = 36 - 33. Let s(p) be the second derivative of 0 - 1/2*p**3 - l*p + 5/2*p**2. Determine s(5).
-10
Let b(v) = v**2 + 3*v + 3. Let c(s) = s - 7. Let u be c(4). Determine b(u).
3
Let j(g) = -4*g + g - 1 - 4 + 4. Suppose -4*y - 5 = -1. Let u be j(y). Let f(v) = v - 1. Determine f(u).
1
Let v(y) be the second derivative of 0 - 3*y - 1/2*y**2 + 11/12*y**4 + 0*y**3. What is v(1)?
10
Let j be (-1)/(-2) - (-1)/2. Let l be 3/j + -2 - 0. Suppose 11 + l = -4*r. Let h(p) = -p - 4. Determine h(r).
-1
Suppose -4*v = 6*q - 4*q - 14, -q + 17 = 4*v. Let z be (-74)/26 - (-18)/(-117). Let b = v + z. Let f(h) = h**2 - 3*h. Give f(b).
-2
Let b(x) = -5*x**2 + 9*x - 11. Let y(r) = -3*r**2 + 5*r - 6. Let i(w) = 4*b(w) - 7*y(w). Determine i(-2).
0
Let o(z) = 2*z**2 + z. Let f(t) = -7*t**2 - 5*t + 5. Let c(u) = -f(u) - 4*o(u). Let q(m) = -m**3 + 4*m**2 - 3*m. Let y be q(3). Calculate c(y).
-5
Let r(q) = -3*q + 23. Let p(b) be the second derivative of -b**3/6 + 4*b**2 - 4*b. Let h(j) = -8*p(j) + 3*r(j). Give h(0).
5
Let m(r) = -3*r**3 - 26*r**2 - 6*r - 7. Let z(d) = -d**3 - 9*d**2 - 2*d - 2. Let o(n) = 4*m(n) - 11*z(n). Suppose 3 = -j - 2. Give o(j).
4
Let s(t) = -6 + 3*t**2 - 2*t**2 + 7*t + 15 + 2*t. Determine s(-6).
-9
Let d = -6 + 8. Let t(y) = 0*y**2 - 2*y**2 - 2 - 2*y - y**d. Determine t(-2).
-10
Let n(y) = 7*y**3 - 2*y**2 - 7*y + 4. Suppose -2*v + 7*v = 5. Let k(h) = h - 1. Let g(u) = v*n(u) + 5*k(u). What is g(-1)?
-8
Let p(z) = -2*z**2 - z - 1. Let n be -1*(0 + 8/(7 + -3)). Determine p(n).
-7
Let o be 0 + (4 + -2)/(-2). Let j(h) = h**3 - h**2 - 3*h. Let r(t) = -t**2 - t. Let i(q) = o*j(q) + 5*r(q). Calculate i(-3).
-3
Let f(h) = 4*h**2 + 9*h - 7*h + 7*h**2 - 1. Determine f(1).
12
Let h = 5 + -16. Let t = h + 16. Let m(o) be the first derivative of -o**4/4 + 4*o**3/3 + o**2 + 4*o - 2. Determine m(t).
-11
Let o(v) = 8*v**2 - 2*v + 2. Let y(x) = 7*x**2 - x + 1. Let i(u) = 4*o(u) - 5*y(u). Let g(f) = -f**2 - 2*f + 2. Let r(p) = 5*g(p) - 2*i(p). Give r(3).
1
Let q = 45 - 43. Let i(d) = d**2 + 3*d - 3. Calculate i(q).
7
Let i(u) = -u**2 - 1. Let y(x) = -x - 9. Let s be y(-11). Calculate i(s).
-5
Let v(w) = -w + 2. Let d(b) = -1. Let a(z) = -5*d(z) - 2*v(z). Determine a(3).
7
Let m(n) = 8. Let c(p) = -p + 9. Let x(g) = 2*c(g) - 3*m(g). What is x(5)?
-16
Let g(q) = -3*q**2 - 2*q + 2. Let v be g(-2). Suppose 0 = -u + 6*u - 60. Let i(r) = u*r**2 + 7*r - 5*r**2 + 4 + 2 + r**3. Determine i(v).
0
Let m(o) = o**3 - 4*o**2 + o - 1. Suppose 3*g + 0*c = -c + 7, -5*g + 10 = 2*c. What is m(g)?
3
Suppose 0 = -5*z + 5*b + 17 + 23, -b = 2. Let t(a) = -1 + z - 6 - a. What is t(-4)?
3
Suppose -l + 0*l + 3 = -3*s, 4*l + s - 12 = 0. Let c(r) = -5*r**2 - 7*r - 3. Let n(u) = -4 - 9*u - 9*u**2 + 2*u + 3*u**2. Let d(k) = 7*c(k) - 6*n(k). Give d(l).
-9
Let p(u) = -3*u - 4. Let h(m) = m + 2. Let z = -23 - -33. Let f(c) = z*h(c) + 4*p(c). What is f(6)?
-8
Suppose -6*o + 2*c + 2 = -4*o, -3 = -3*c. Let i(d) = -o*d**2 - 10 + 0*d**2 + 6*d + 2*d**2 + d**2. Give i(-7).
-3
Let m(i) be the first derivative of i**2 - 3*i - 1. Let u(l) = -l + 1. Let v(c) = -3*m(c) - 7*u(c). Determine v(-3).
-1
Let v(x) be the first derivative of -x**4/4 - 7*x**3/3 - 4*x**2 - 5*x - 55. Let r(y) = 3*y**3 + 3*y**2 - 5*y**3 - 3 + y**3 - y. Let c be r(3). Give v(c).
7
Let t = -8 - -11. Let w(r) = -2*r**2 + 3*r**3 - r + 2*r - 5*r**t. Calculate w(-2).
6
Let b(